s the value of 115 + -96 + (40 - -58)?
117
Calculate (27 + -32 - -108) + -48 - -48.
103
Calculate 38 - (-24 + 123) - -29.
-32
What is the value of 82 + (14 + -11 - (-10 + (-3 - -17)))?
81
What is (130 - -93) + -78 - 120?
25
Calculate -49 - (92 + (-202 - -78)).
-17
(24 - 25) + 1 - -5
5
Calculate 1 - ((-1 - -31) + (10 - 8 - 5)).
-26
87 + -53 + -93 + 62
3
Calculate 0 - -1 - (-39 + 0) - (-135 + 125 + 8).
42
Evaluate (4 + 0 + 9 + -9 - (-7 - -2)) + -51.
-42
125 - 255 - (-70 - 5)
-55
Evaluate (-2 - 0) + 18 - (-4 + 12 - 18).
26
What is the value of -56 - (23 - (-2 - -55))?
-26
Evaluate -106 - (-3 - -3 - (5 - (6 + 0 + -14))).
-93
14 + (-13 - -1 - (14 - 30)) + 28
46
Calculate 15 - ((0 - 5) + -75 + 92).
3
192 - (377 - 155) - (30 - -1)
-61
What is the value of -4 - (33 + -3 + -4) - (6 - (-45 + 52))?
-29
Calculate 37 - -1 - ((2 - -5 - (45 + -57)) + -11).
30
What is the value of -2 + -8 - (20 - 22) - -34 - (1 - 16)?
41
Evaluate (-3 - (-3 - -3)) + (57 + -60 - (28 + 2)).
-36
(6 + -43 - 6) + 81
38
-34 - (17 + 4 + (43 - 67))
-31
What is -63 - 182 - -302 - ((-11 - 0) + -1)?
69
What is -1 + -47 + (-22 - -17) + (-18 - -28)?
-43
Calculate 4 + ((-2 - (-11 + 20)) + 2 - -40) + 8.
43
What is 71 + (39 - (41 - -38))?
31
Calculate -10708 + 10714 + (1 - 72).
-65
Calculate 0 - -11 - (-37 - (-127 + 36 - 14)).
-57
12 + 1 - ((3 - (19 - 5) - -16) + -10)
18
What is the value of -4 - (29 + ((-4 - -8) + 0 - (4 + 4)))?
-29
What is the value of (52 - (-96 + 87)) + -2?
59
Calculate -59 + -39 + 104 + 6.
12
Calculate (-75 - -260 - 160) + 77.
102
40 + -34 - (7 - -43)
-44
What is -4 - -6 - 12 - (-54 + (-9 - -15))?
38
What is 11 + 6 + (-13 - -2) - (-2 - -50)?
-42
What is the value of -1 + 2 + 42 + -152 + (-6 - (-4 + 5))?
-116
Calculate (-557 - -428 - (-40 - -4)) + (0 - 15 - 0).
-108
Evaluate (-20 - 1) + (124 - (0 - (-42 + 51))).
112
What is the value of 2 - 41 - (-12 + (29 - 10))?
-46
-40 + -17 + -7 + 129
65
What is the value of -9004 - -9019 - (-15 + 1)?
29
What is the value of -4 - (17 + 0 - (-193 - -191) - 0)?
-23
61 - (9 + -41 + 77)
16
-3 + 9 - (-11 + (-14 - -12) - -3)
16
What is the value of -37 + 34 + 111 + -175?
-67
What is the value of 0 + 4 - (-133 + 35 + 81 + (25 - 1))?
-3
Calculate -35 + 34 + -23 + 24 - (0 + 36).
-36
What is 1 + 105 + (5 - 10 - 9) + 5?
97
1 + 12 + -41 + (25 - 5) + 18
10
-4 + (-4 - 11 - -15 - (21 - 11))
-14
Calculate -21 + 32 - (-17 + (11 - 2) + 13 - 5).
11
Evaluate (14 + 22 - 1) + -55.
-20
-1 - (9 - -4) - (557 + -578)
7
Evaluate (0 - (-5 - 1)) + (22150 - 22129).
27
(-8 - -1 - 1 - (-31 + -80 + 108)) + -7
-12
What is 28 - 19 - (-119 - -1) - (49 - 34)?
112
What is 4 + -11 + -35 + (-13 + 12 - 8) + 14?
-37
What is (-18 - (4 + -1)) + -146 + 139?
-28
What is (0 - 24) + 0 + -1757 + 1725?
-56
What is the value of (-20 - ((9 - -2) + (-15 - -14))) + 0?
-30
9 + (39 - (30 + -44 - -19))
43
Calculate -4 + 13 + 110 + -70.
49
What is the value of (-10 - -5 - (-15 + 16)) + 12 + 37 + -2?
41
What is the value of (144 - 24) + -67 - 69?
-16
Calculate 39 + -32 + -32 - -80.
55
What is 45 - (-8 - -39 - 16)?
30
-3 - 13 - (6 - 45 - -13)
10
What is 2 + -12 + 40 + -27 + 3 - 50?
-44
Evaluate 22 - (5 - (-3 - -10)) - (-12 + 1).
35
What is -1297 + 1298 - (9 + 0 + -3 + -2)?
-3
What is -90 - (-24 - -7 - (-67 + 51))?
-89
Evaluate -19 - ((9 - 70) + 29 + 60).
-47
-10 - (-1 + 8 + 19 + -43)
7
Evaluate -10 + 2 + (4 - ((-7 - -3) + 45)) + 11.
-34
What is -42 + -9 + (2 - (1 + (13 - 18)))?
-45
What is 206 - 212 - (0 + 4 - 10)?
0
What is 57 + 37 + (-6 - 18) + -8 - (-7 - 0)?
69
Calculate 1 + (-1 - -1) + (-152 - -165) + 42 + -41.
15
Evaluate -59 + (52 - (38 + 40)).
-85
Calculate (-6 + 26 - -36) + -27.
29
What is (5 + -3 - (-22 - (-15 + 2))) + (41 - 2)?
50
Calculate 120 - ((121 - 8) + -81).
88
What is the value of 2 + 9 + (0 - (-2 + 18) - 25) + -5?
-35
Evaluate (-429 - -180) + 342 + (1 - -22).
116
Evaluate 57 - (-7 + 24 + (-22 - (-47 + 23))).
38
What is (11 - 1) + -34 + -23 + 16 + (-3 - 1)?
-35
Calculate (-8 - (-3 - 1)) + 18 - (-162 + 45).
131
(669 - 678 - (-2 - -60)) + 9
-58
226 - 242 - (-4 + -47 - 2)
37
What is 7 - (21 - (58 + 10 + -20)) - 8?
26
What is (1 - 5) + (12 + -23 - (-2 + -20))?
7
(2 - -107) + (-24 + 0 + 55 - 16)
124
Calculate 13 + (-47 - -25 - -9) - 49.
-49
Calculate (2 - 15) + 1 + (-32 - (-20 + -47 + 31)).
-8
(-9 - -27) + 20 - (4 + -19)
53
Calculate 288 + -277 - (5 - -2).
4
What is (57 + -109 - 84) + 59?
-77
Evaluate 982 + -970 - ((-3 - -7) + -25).
33
(-160 - 197) + 230 - (0 - 1 - (-2 + 13))
-115
Evaluate (-9 - (15 - 78)) + (-11 - (6 - 36)).
73
What is -12 + (8 - 2 - 33) + -58?
-97
Calculate 16 + -26 - 35 - (-25 + 4).
-24
(-128 - (-56 - -66)) + 67
-71
What is -17 - (-5 - (-21 + -4 + 16 + -10))?
-31
What is the value of -99 + 4 + (-13 - ((-19 - 12) + 5) - 10)?
-92
What is the value of 6 - (67 - 0) - (-1449 + 1442)?
-54
What is the value of 10 - (-23 + (-19 - 33 - -3))?
82
Calculate (-140 - -179 - 34) + (1 - 49).
-43
Evaluate (-99 - (-6 + -22 + -8)) + 10.
-53
-8 + (418 - 420 - (-1 - 11))
2
Evaluate -9 + 5 - (205 + -237).
28
Evaluate -3 + (-12 - -18) + 7 - 25.
-15
Evaluate -14 - (-13 + 11) - (17 - (-5 + 7)).
-27
What is (11 - 1) + (9 + 23 - 21 - 24)?
-3
Evaluate (-3 + 14 - 0) + -268 + 269 + 21.
33
What is the value of -367 + 67 - -105 - -102?
-93
8 + 3 - (2 - (-5 - -12) - -38)
-22
(48 + -25 - 4) + -75
-56
What is 90 - (-3457 - -3460 - (-26 + 0))?
61
Evaluate 43 + 1 - (-4956 - -4953).
47
Calculate -53 + 63 + (-8 - (34 - (2 + 0))).
-30
Calculate -13 - 6 - (77 + -47).
-49
What is the value of 10 + 104 - (-5 + -22 + 41)?
100
6 + (-8 - 2) + 10 + -30 - 7
-31
What is -7 - -2 - 6 - (12 + (-16 - -16))?
-23
What is -5 - ((18 - 14) + (0 + -2 - 74))?
67
Evaluate -6 + 70 + 4 - (8 + 0 + 11 + -16).
65
41 + 2 - (-3149 + 3144)
48
Calculate -6 + -36 - (-56 + 43 - -47).
-76
Calculate 55 + (-56 - (26 + -1)).
-26
What is -18 - (-33 + -3) - (-11 - -47)?
-18
What is the value of (-4 - 9) + 10 - (-28 + 24) - 60?
-59
4 + 0 + -64 + (-201 - -204 - (0 - 7))
-50
What is the value of 2 + 75 - (-44 - (-15 + (38 - 67)))?
77
What is (69 - (0 + -3)) + (54 + -9 - 48)?
69
What is the value of 2 - -48 - (2480 + -2402)?
-28
(-14 + 15 - 20) + (-20 - -20)
-19
What is 39 + (-48 - 19) - (2 - 72)?
42
What is the value of -53 + -6 + (-1055 - -1109)?
-5
Calculate (14 - 9) + (0 - (-20 + 4 + -8)).
29
What is the value of (33 - -1) + -2 + 32 + (-49 - -22 - 13)?
24
What is (-2 - 13 - -2 - (-2 - 2)) + 2?
-7
What is (-5 + (-4 - -1) - -7) + (-35 - (2 - 6))?
-32
Calculate 148 + -9 + 3 - 124.
18
6 + 43 + 2 + (5 - -3) + -2
57
What is -40 - -131 - (52 + -5)?
44
What is 38 + -49 + (-19 - 12) + -4?
-46
Calculate -5 + -8 + 11 + 16 + -30 - (-47 + 162).
-131
What is 12 + (11 - (6 - 0)) + (-86 - -4) - 7?
-72
What is the value of -358 - -314 - (-2 - -3)?
-45
Calculate (-30 - -2 - (476 - 504)) + -54.
-54
What is 17 + 47 - (-3 + 24 + -9)?
52
-13 - (-79 - (-4 + (31 - 17) + 6))
82
Calculate 406 + -413 + (3 - 4) + 80.
72
What is the value of 12 + (5 - 21 - -27 - (2 + 6))?
15
142 + 7 + (17 - -11) + -34
143
What is the value of -32 - -2 - 1 - ((119 - 176) + 70) - 0?
-44
What is the value of 5 + (-5 - ((40 - 42) + -7 + 2)) + -71?
-64
What is the value of (49 - -34) + 9 + -25?
67
Evaluate 8 + -8 + 26 + -22.
4
Evaluate (-18 + 5 + 12 - 7) + 4 + -12 + 10.
-6
What is the value of 1 + 33 + 840 + -893 + -51?
-70
What is the value of 3 + (7 - 7) + (4 - (8 + 2) - 29)?
-32
What is the value of -4 + -56 + 40 + -1 + 76?
55
Calculate 1 + -4 - ((21 - 14) + 11 + -20 - -71).
-72
Evaluate (-11 + 9 - -17) + -15 + 42.
42
Evaluate 17 + -20 + (8 - 8 - (-3 + -38 + 4)).
34
What is -9 + 9 + -9 + (-37 + 0 - (68 + -67))?
-47
What is the value of 55 + (1 + -9 - (65 - 53))?
35
What is the value of 2 + (-4 - (-1 + 1) - -6) + -12?
-8
Calculate -16 - (1 + 15 + -124 + 114).
-22
What is 129 + -124 + 158 + -159?
4
What is (-2 - (2 - 43)) + 7 + -20 + 12 + 5?
43
What is -35 + (2 - (12 - 12)) + 8?
-25
What is ((24 - 30) + -38 - (-5 + -4)) + 0?
-35
What is (-39 - 3) + -32 + 40 - 71?
-105
95 + -78 + -33 + 51
35
What is the value of 158 + -209 - (-56 - -4)?
1
-7 + (-2 + 1 - (95 + -105)) + -17
-15
Calculate (-9 + (-2 - 5 - -6) + 8 - 8) + 35.
25
What is the value of -3 + -95 + 147 - (0 + 16) - 13?
20
Evaluate -56 + 57 - (5 + 25) - 32.
-61
Evaluate (15 - (-13 - -20) - (2 - 8)) + 7.
21
What is the value of 